.
131
What is the remainder when 103216 is divided by 10281?
406
What is the remainder when 1895955 is divided by 25?
5
Calculate the remainder when 2859196 is divided by 81691.
11
What is the remainder when 711625 is divided by 971?
853
Calculate the remainder when 16496070 is divided by 2062008.
6
Calculate the remainder when 645641 is divided by 33979.
40
Calculate the remainder when 180846 is divided by 1865.
1806
Calculate the remainder when 985924 is divided by 4008.
3964
What is the remainder when 124857 is divided by 121370?
3487
What is the remainder when 481815 is divided by 3443?
3238
Calculate the remainder when 2013825 is divided by 28.
9
What is the remainder when 372793 is divided by 522?
85
Calculate the remainder when 2237532 is divided by 53.
31
Calculate the remainder when 677724 is divided by 483.
75
What is the remainder when 560305 is divided by 79613?
3014
Calculate the remainder when 9523650 is divided by 1458.
1452
Calculate the remainder when 482869102 is divided by 1552.
1550
What is the remainder when 304077 is divided by 804?
165
What is the remainder when 2468103 is divided by 103?
17
What is the remainder when 1372608 is divided by 152508?
36
Calculate the remainder when 314910 is divided by 78666.
246
What is the remainder when 163427350 is divided by 2385?
2380
What is the remainder when 4648882 is divided by 307?
288
Calculate the remainder when 30227 is divided by 13684.
2859
What is the remainder when 5334191 is divided by 2448?
2447
What is the remainder when 5970214 is divided by 542742?
52
Calculate the remainder when 43012282 is divided by 1887.
4
Calculate the remainder when 1100393 is divided by 122259.
62
What is the remainder when 887085 is divided by 55437?
93
Calculate the remainder when 509650 is divided by 2362.
1820
What is the remainder when 11076988 is divided by 59?
33
Calculate the remainder when 884747 is divided by 26810.
17
Calculate the remainder when 4509717 is divided by 5575.
5117
Calculate the remainder when 2061897 is divided by 687271.
84
What is the remainder when 240913 is divided by 1453?
1168
What is the remainder when 415243 is divided by 10?
3
What is the remainder when 9952468 is divided by 1244055?
28
What is the remainder when 37226704 is divided by 1097?
9
Calculate the remainder when 781974 is divided by 32562.
486
Calculate the remainder when 23558389 is divided by 1490.
1489
Calculate the remainder when 629084595 is divided by 257.
252
Calculate the remainder when 47415 is divided by 240.
135
What is the remainder when 849579 is divided by 38?
13
What is the remainder when 8863437 is divided by 8863436?
1
What is the remainder when 4477811 is divided by 26186?
5
What is the remainder when 194827 is divided by 3096?
2875
What is the remainder when 1536109 is divided by 2113?
2071
What is the remainder when 19907122 is divided by 1990710?
22
Calculate the remainder when 2055583 is divided by 2427.
2341
What is the remainder when 717074 is divided by 10702?
40
What is the remainder when 164019 is divided by 1573?
427
What is the remainder when 103454129 is divided by 62?
61
What is the remainder when 294275 is divided by 32665?
290
Calculate the remainder when 56026947 is divided by 4133.
4132
What is the remainder when 5722119 is divided by 2032?
7
What is the remainder when 55658 is divided by 578?
170
Calculate the remainder when 1058976 is divided by 233.
224
Calculate the remainder when 70621 is divided by 2468.
1517
What is the remainder when 1499679 is divided by 124933?
483
Calculate the remainder when 104931 is divided by 8070.
21
What is the remainder when 211387315 is divided by 4046?
4045
Calculate the remainder when 1007184 is divided by 182.
178
What is the remainder when 57108 is divided by 1713?
579
Calculate the remainder when 31989918 is divided by 2720.
2718
Calculate the remainder when 57928 is divided by 1660.
1488
Calculate the remainder when 5692410 is divided by 1700.
810
Calculate the remainder when 231991 is divided by 31601.
10784
Calculate the remainder when 277547 is divided by 16322.
73
What is the remainder when 87483246 is divided by 3576?
3558
What is the remainder when 2126722 is divided by 693?
598
Calculate the remainder when 3614912 is divided by 361488.
32
What is the remainder when 9344349 is divided by 34?
27
Calculate the remainder when 1542236 is divided by 7485.
326
What is the remainder when 23916 is divided by 18?
12
What is the remainder when 86153 is divided by 3503?
2081
Calculate the remainder when 144531632 is divided by 17.
12
What is the remainder when 695485 is divided by 281?
10
What is the remainder when 2337808 is divided by 13?
5
Calculate the remainder when 532749 is divided by 74.
23
Calculate the remainder when 1587586 is divided by 836.
22
What is the remainder when 161524072 is divided by 24?
16
Calculate the remainder when 171672225 is divided by 182.
179
Calculate the remainder when 555147 is divided by 630.
117
Calculate the remainder when 32720840 is divided by 61.
13
Calculate the remainder when 221861 is divided by 2000.
1861
What is the remainder when 39427 is divided by 19476?
475
What is the remainder when 566726083 is divided by 4635?
4633
What is the remainder when 22503293 is divided by 59?
44
What is the remainder when 11620991 is divided by 18017?
26
Calculate the remainder when 947815220 is divided by 614.
612
What is the remainder when 709677 is divided by 243?
117
Calculate the remainder when 432447 is divided by 4704.
4383
Calculate the remainder when 969035 is divided by 17304.
11
What is the remainder when 250208 is divided by 125017?
174
Calculate the remainder when 271487787 is divided by 3.
0
Calculate the remainder when 88390 is divided by 10915.
1070
What is the remainder when 272642 is divided by 5622?
2786
What is the remainder when 15020608 is divided by 512?
64
Calculate the remainder when 99403696 is divided by 39.
28
Calculate the remainder when 20671497 is divided by 338877.
0
Calculate the remainder when 632834 is divided by 10910.
54
Calculate the remainder when 26157 is divided by 15062.
11095
What is the remainder when 3966892 is divided by 60?
52
What is the remainder when 137734 is divided by 45570?
1024
Calculate the remainder when 1305314 is divided by 272.
258
Calculate the remainder when 2312795 is divided by 490.
485
Calculate the remainder when 808587 is divided by 5742.
4707
What is the remainder when 179052 is divided by 665?
167
What is the remainder when 8260618 is divided by 172096?
10
What is the remainder when 475245 is divided by 1894?
1745
What is the remainder when 91877 is divided by 13094?
219
What is the remainder when 78341 is divided by 4352?
5
Calculate the remainder when 10239862 is divided by 32.
22
What is the remainder when 67248138 is divided by 129?
51
Calculate the remainder when 2374913 is divided by 215871.
332
Calculate the remainder when 846098 is divided by 105392.
2962
Calculate the remainder when 57135141 is divided by 560.
21
What is the remainder when 3834643 is divided by 1635?
568
What is the remainder when 45417498 is divided by 11?
5
What is the remainder when 97709 is divided by 8675?
2284
Calculate the remainder when 46559948 is divided by 1058180.
28
Calculate the remainder when 607535 is divided by 685.
625
Calculate the remainder when 111731608 is divided by 166.
162
Calculate the remainder when 114772305 is divided by 1738.
1737
Calculate the remainder when 10702134 is divided by 502.
498
Calculate the remainder when 63325083 is divided by 83.
67
What is the remainder when 36758 is divided by 7345?
33
What is the remainder when 683313 is divided by 3839?
3810
What is the remainder when 3166859 is divided by 5399?
3045
What is the remainder when 11322302 is divided by 24?
14
Calculate the remainder when 5256909 is divided by 191.
16
Calculate the remainder when 6076170 is divided by 818.
66
What is the remainder when 65493807 is divided by 17?
15
What is the remainder when 18890239 is divided by 20?
19
Calculate the remainder when 365982 is divided by 21476.
890
What is the remainder when 4512619 is divided by 3997?
6
Calculate the remainder when 70572 is divided by 316.
104
What is the remainder when 2497854 is divided by